Let y(n) = -3*n**3 - 4*n**2 + 3*n + 3. Let s be y(h). Calculate the highest common divisor of 55 and s.
5
Suppose -g + 84 = 121*a - 117*a, -5*g - a + 306 = 0. What is the greatest common divisor of g and 10380?
60
Let c be (-5 + 4)/(2/(-10)). Suppose 2*n + 15 = 3*n + 3*x, -c*n - 3*x = -39. Let h = -5 + 9. Calculate the greatest common factor of h and n.
2
Let m(p) = -p + 12. Let d be m(6). Suppose -i - 90 + d = 0. Let t = -77 - i. Calculate the highest common divisor of 7 and t.
7
Suppose g - 791 + 793 = 5*s, s = 2*g - 14. Suppose -4*c = 5*z - 64, 0 = -2*z + 3*z - c - 20. Calculate the greatest common divisor of z and s.
2
Let m(t) = -39*t - 5. Let y be m(-1). Let k = -32 + y. Suppose -36 = -2*j - 3*q, k*j + 2*q = 33 - 1. Calculate the greatest common factor of 156 and j.
12
Let z be -3 + (-5641)/(-11) - 62/(-341). What is the greatest common divisor of 17 and z?
17
Let i = -16141 - -16143. What is the highest common factor of 4754 and i?
2
Let s = -23588 + 32204. What is the highest common divisor of 96 and s?
24
Let v(u) = 110*u + 1799. Let o be v(-15). What is the greatest common factor of 1 and o?
1
Let c = -38 - -44. Let i(k) = -16*k - 6*k + c*k + 0*k + 28 - k**2. Let j be i(-14). Calculate the highest common divisor of j and 7.
7
Let l be 3740/(-102)*(-2 + 32/88). Suppose -6*t = 4*w - 2*t - 160, w = t + 40. Calculate the greatest common divisor of l and w.
20
Let b = -8639 - -8640. Suppose 5*x = -4 + 59. Calculate the greatest common factor of x and b.
1
Suppose 273*q - 7530 - 5360 = 7312. What is the highest common divisor of q and 6623?
37
Let z(f) = f**3 - 4*f**2 - 44*f + 271. Let o be z(6). Calculate the greatest common factor of o and 7347.
79
Suppose 0 = 2*y + 5*m - 189, -2*y + 198 = -477*m + 479*m. Calculate the greatest common divisor of y and 969.
51
Let g = 2564 + -2518. Calculate the highest common factor of 6 and g.
2
Suppose 20*m - 78339 = 1221. Calculate the highest common divisor of m and 468.
234
Let f(b) = -2*b**2 + 16*b. Let c be f(8). Suppose -3*x - 35 = y - x, c = -4*y + 4*x - 104. Let r = 191 - y. What is the highest common factor of 20 and r?
20
Let f = -3 - -25. Suppose f*k = 15*k + 28. What is the highest common factor of 5 and k?
1
Suppose 29*h + 4*l = 26*h + 996, -h = -3*l - 371. Let f(s) = s**2 - 5*s - 7. Let q be f(-5). What is the greatest common divisor of h and q?
43
Let z(c) = -c**3 - 11*c**2 + 17*c - 10. Let f be z(-11). Let i = f + 206. Calculate the greatest common divisor of 39 and i.
3
Suppose 4*a - t = 6841, 53*a - t = 52*a + 1708. Calculate the greatest common divisor of a and 29.
29
Let o(q) = q + 16. Let n be o(4). Suppose 3*p + 46 - 461 = -5*d, 2*d - 698 = -5*p. What is the highest common divisor of n and p?
20
Let p(o) = -8*o - 4. Let a = 3 + -9. Let l be p(a). Let w(h) = 6*h**2 + 259*h - 187. Let z be w(-44). Calculate the highest common factor of z and l.
11
Suppose 0 = 2*u - 6, -185*q - 3*u = -188*q - 6. Let s(c) = -34*c. Let k be s(-4). What is the highest common factor of q and k?
1
Let i(h) = -h**3 + 8*h**2 - 175*h + 1670. Let c be i(9). What is the highest common divisor of c and 3374?
14
Let d be (1100/242 + -4)*11. What is the highest common divisor of d and 6768?
6
Let o(g) = 35*g**2 - 3*g - 110. Let d be o(-13). What is the highest common divisor of 12 and d?
12
Let g be -3*-6*(3170/45 + 3). Suppose g + 28 = 5*b. Suppose -4*q = 2*k - 48, 4*k + k - 2*q - 156 = 0. What is the greatest common divisor of k and b?
30
Suppose -51*v + 5689 = -39497. Let r = v + -771. Calculate the highest common factor of 69 and r.
23
Let g = -915 - -932. Suppose 5*d - 76 = -4*f, -g*f + 13*f - 4 = 0. Calculate the highest common divisor of d and 88.
8
Let j(t) = -37 + t**2 + 16*t + 5 - 38 - 21 - 10. Let w be j(8). Calculate the highest common divisor of 104 and w.
13
Let j = 294 + -477. Let p = -123 - j. What is the highest common factor of p and 80?
20
Suppose 0 = 44*p - 40*p - 1364. Let m = 541 - p. Calculate the greatest common factor of 8 and m.
8
Let j be 0/(0 + 2/(-2)). Suppose -2*x = 2*w + 4, j*w - 5*x - 24 = -2*w. Suppose 14 = 31*p - 30*p. What is the highest common factor of p and w?
2
Suppose -4*t - 5*r = -707, -4*t - 5*r = -6*r - 737. What is the greatest common divisor of 1159 and t?
61
Let l be (-6)/(-8) - (-1005)/(-60). Suppose -2*y + 2*s = 2*y - 152, 4*s = -y + 38. Let g = l + y. Calculate the highest common factor of g and 2.
2
Suppose -71 = -x + o, 12*o + 446 = 6*x + 11*o. Suppose -5*y + 4*q = 6*q - 144, -3*q + 81 = 3*y. What is the highest common divisor of x and y?
15
Let f(w) = -72*w**2 - w - 6. Let t be f(-2). Let c = 297 + t. Suppose -3*i - i = -z - 8, 12 = -3*z. What is the highest common factor of i and c?
1
Let k(z) = -2478*z + 144652. Let l be k(58). Let i = -49 + 78. Calculate the greatest common divisor of l and i.
29
Let b = 926 + -824. Calculate the greatest common factor of 782 and b.
34
Suppose 386*a - 5*n + 1752 = 389*a, 0 = 3*a - 2*n - 1794. Suppose -122 = 4*t - 298. Calculate the highest common factor of a and t.
22
Suppose 4828 = 21*a + 2434. What is the greatest common factor of a and 168?
6
Suppose -4 = -p + 9. Suppose 2*d = -3*d + x + 61, -x + 43 = 3*d. What is the highest common factor of p and d?
13
Let d = 14438 - 14159. What is the greatest common divisor of 7781 and d?
31
Let g = 22 + -2. Suppose 0 = 5*m - 5*l + 5, 9 + 8 = 4*m + 3*l. Suppose 4*r - 124 = r - m*p, 5*r = 2*p + 196. What is the greatest common factor of r and g?
20
Let c = -25 - -32. Suppose 5*s + 8 = l, -4*l = -2*l - s - c. Suppose 3*a + 108 = 3*y, -3*y + 106 = -l*a + a. What is the highest common divisor of y and 34?
34
Let n = 9 - 12. Let k(g) = g**3 + 4*g**2 - g - 4. Let l be k(n). Suppose 0 = 104*v - 10*v - 3008. What is the greatest common factor of l and v?
8
Let y be (-2)/(-8)*1 + (22 - (-9090)/120). Calculate the greatest common factor of y and 539.
49
Suppose 2*b - 16 = -5*i, -4*b + i - 4*i = -46. Suppose 129 = -4*k - 351. Let j be (-1)/3 + k/(-9). Calculate the greatest common divisor of b and j.
13
Let g be (-360)/(-14) - 2/(-7). Let m(h) = -8*h**3 + h. Let p be m(-1). Suppose -p*u + 9*u = 260. Calculate the highest common divisor of u and g.
26
Let a be (-784)/(-294)*90/4. Calculate the highest common factor of a and 13590.
30
Let q(x) be the first derivative of 2*x**2 + 90*x - 4. Let l be q(0). Suppose 6*b - 9*b + l = 0. Calculate the highest common divisor of b and 10.
10
Let j be (24/15)/1*15. Suppose 3*c = 5*s - 537, 5*s - 4*c - 369 = 167. What is the highest common factor of s and j?
12
Let y(i) = 484*i**2 + 12*i + 71. Let t be y(-5). Calculate the highest common factor of 44 and t.
11
Let b(t) = -t**2 + 32*t + 5. Let m be (-40 + 0 - 0)*(-15)/20. Let o be b(m). Calculate the greatest common divisor of o and 455.
65
Suppose -765 = -5*x - 3*b, x + 4*b - 228 = -58. Suppose x = -546*h + 552*h. What is the highest common divisor of 25 and h?
25
Let b(m) = -m**3 - 2*m**2 - 3*m - 1. Let t = 440 - 442. Let l be b(t). Calculate the greatest common divisor of 20 and l.
5
Suppose -63 = 7*u - 371. Suppose -7*g + 10*g = b - 47, u = 2*b + 4*g. What is the highest common divisor of 8 and b?
8
Suppose -529 = 5*z + 3*s, 9*z + 2*s - 111 = 10*z. Let u = 119 + z. What is the highest common factor of 144 and u?
12
Let x(c) = 278*c**3 + 8*c**2 - 7*c. Suppose -3*d = -7*d - 3*i + 16, 4*d = -2*i + 12. Let m be x(d). What is the highest common divisor of 31 and m?
31
Let y = 5 - 2. Suppose 99 = 4*i + d, 4*i + 0*i - 103 = y*d. Suppose 175 = 3*j + i. Calculate the greatest common factor of j and 20.
10
Let t(o) = -256*o + 1576. Let w be t(6). Calculate the greatest common divisor of 760 and w.
40
Suppose 0 = -3*d + 1735 - 439. Calculate the greatest common factor of 270 and d.
54
Let v = 13 + -6. Let q = 13 + -11. Suppose -r - 5*i = -2*i - 57, -q*i = -r + 67. Calculate the highest common factor of v and r.
7
Let g = 2874 + -2598. What is the highest common factor of g and 108?
12
Suppose -d - b + 7 = 0, 7*d - 4*d - 3*b + 9 = 0. What is the greatest common divisor of d and 42?
2
Let y = -32801 - -32863. What is the highest common divisor of y and 17887?
31
Let t be (-1)/((-116)/(-40) + -3). Calculate the highest common divisor of 1510 and t.
10
Let x = -4 - -6. Let t be 1395/93 + ((-18)/6 - 5). What is the h